-2*a + 3. Let k(o) = 11*o - 1. Let q be k(i). What is the units digit of (-68)/q + 2/(-3)?
5
Let f(z) = z**3 + z**2 - z + 54. Let l be f(0). Suppose -l = -4*t + 78. What is the units digit of t?
3
Let n(c) = 52*c - 28. Let u(y) = -21*y + 11. Let a(x) = -5*n(x) - 12*u(x). What is the tens digit of a(-4)?
4
Let t = -27 + 19. Let a = 11 + t. Suppose 5*z = -a*k + 55, 2*k - 35 = -5*z + 3*k. What is the units digit of z?
8
Let j = 5 - 4. Let v = 1 + j. Let c = v + -1. What is the units digit of c?
1
Suppose -10 = -3*g + 2*x, -34 = -3*g - x - 12. What is the units digit of (-66)/9*g/(-4)?
1
Suppose 0 = g + g - 114. What is the units digit of g?
7
Let j(b) = b**2 + b + 5. Let o(i) = -i - 6. Let w(n) = 7*j(n) + 6*o(n). What is the units digit of w(1)?
7
Let y be (-262)/(-6) - 3/(-9). Suppose i + y - 3 = 4*o, 5*i + 25 = 2*o. What is the tens digit of o?
1
Let c(s) = -4 + 3 - 2*s + 2*s**2 + s**2. Let l be c(-1). Suppose -4*m = -u - 8, -19 + 3 = -l*m. What is the units digit of u?
8
Suppose 0*k - 45 = -5*k. What is the units digit of k?
9
Let x(a) = a**2 + a - 1. Suppose -4*v = -0*v + 12. What is the units digit of x(v)?
5
Let o(p) = 1 - 3*p**2 - p**2 - 2. Let g be o(-1). Let a(l) = -l**2 - 5*l + 4. What is the units digit of a(g)?
4
Suppose -j = -2 + 1. Let i be (-1 - 3)*(-1 - j). Suppose -22 + i = -q. What is the units digit of q?
4
Let z(a) = -7*a**3 + 10*a**2 + a + 8. Let h(g) = 20*g**3 - 29*g**2 - 2*g - 23. Let q(o) = 6*h(o) + 17*z(o). What is the units digit of q(3)?
4
Let t(j) = j**3 - 2*j**2 - 2*j - 3. Let v be t(3). Suppose -y + v*y + 3 = 0. Suppose 4*p - 10 = -y*m, -1 = -0*p - p. What is the units digit of m?
2
Suppose 5*b = -15, -2*v + 15 = -2*b + 1. Suppose -2*x + 40 = v*c, 2*c - 4*x + 48 = 6*c. What is the units digit of 15/10*c/6?
2
Let a(x) = -x**3 + 10*x**2 - 9*x - 5. Let f be a(9). Let c = f - -10. What is the units digit of c?
5
Suppose -102 - 110 = -5*n - d, d + 46 = n. Let p = n - 10. What is the tens digit of p?
3
Let t(w) = -w**2 - 7*w + 3. Let o be t(-7). Suppose 0 = -d - o + 1. Let v = d - -8. What is the units digit of v?
6
Let k(t) = t**3 - 4*t**2 + 3*t - 2. Let n = 7 - 2. What is the units digit of k(n)?
8
Suppose i + 3 = 1. Let t = i + 4. Suppose t*v = 3*v - 5. What is the units digit of v?
5
Suppose -2*p + 10 + 4 = 0. Let n = p - 5. What is the units digit of n?
2
Let v be (-44)/(-8) + (-2)/4. Suppose 0 = 3*w + i - 5, 2*i - v*i + 9 = 3*w. What is the units digit of w?
1
Let o(g) = -17*g + 17*g + g**2. Let a(u) = u**3 - u**2 + u - 1. Let i be a(0). What is the units digit of o(i)?
1
Let x = -27 + 31. Let u(y) = -2*y**3 - 2*y**2 + 4*y + 2. Let p be u(-3). Suppose x*j - p = -6. What is the units digit of j?
5
Suppose -2*c + 20 = -12. Suppose -2*l - 2*l = -c. What is the units digit of l?
4
Let q(z) = -z**2 - z + 1. Let g be q(-2). Let p = 5 + g. What is the units digit of p?
4
Let f(w) = -w**3 + 5*w**2 - 6*w. Let o be f(4). Let y(h) = -h + 4. What is the units digit of y(o)?
2
Let i(x) = -2*x - 3. Let u be i(6). Let p(k) = 5*k - 1. Let r be p(-1). What is the units digit of (-5)/(u/r)*-1?
2
Suppose 2*t + 0*t - 5*r = 18, -5*r - 10 = 0. Suppose -2*v = 4*b - 16, -2*v + 14 = t*b + v. What is the units digit of b?
5
Let l(h) = h**2 - 4*h - 11. What is the tens digit of l(8)?
2
Let b = -27 - -55. What is the tens digit of b?
2
What is the tens digit of (-204)/(-8) - 2/(-4)?
2
Suppose -28 = 8*i - 1140. What is the tens digit of i?
3
Let z(o) = -o**2 + 8*o - 3. Let x be (-6)/2 - (0 + -10). What is the units digit of z(x)?
4
Let t = -67 - -95. Let y = 83 - t. What is the tens digit of y?
5
Suppose 6*a - a = -2*b + 19, 0 = 4*a - 5*b - 35. Suppose 144 = a*n - n. What is the units digit of n?
6
Let j(b) = b**2 - 4*b. Let t be j(5). Suppose t*v - 3 = -8. Let w = 7 + v. What is the units digit of w?
6
Let m be (10/25)/(1/10). Let a = -5 - -7. What is the units digit of (a/(-5))/(m/(-40))?
4
Let v be (-3)/9*-3 - -1. Suppose -v*d + 44 = 2*d. What is the units digit of d?
1
Let w(i) = -i**2 + 7*i - 9. Let t be w(5). Suppose -8 = -5*o + 7. What is the units digit of ((-1)/o)/(t/(-3))?
1
Let s(j) = -j**3 + 5*j**2 + 6*j + 2. Let c be s(6). Suppose 2*g - 4*g + 2*a + 8 = 0, -c*g + 5 = -a. What is the units digit of (-2)/(-6)*57/g?
9
Suppose 462 - 42 = 5*w. What is the units digit of w?
4
Suppose 4*s + 63 = 5*k, 5*k - 3*s - 20 = 41. Suppose 0 = -x - 1 + k. What is the units digit of x?
0
Let k = -8 - -212. What is the units digit of k?
4
Let u be (-1 + -1)/(1 - -1). Suppose 20 + 7 = 3*d. What is the units digit of (d - -1) + 0/u?
0
Let x = -54 + 91. What is the units digit of x?
7
Suppose -2*w + 45 = -p, -4*p - 2*w + 5*w = 165. Let o = 55 + p. Suppose 2*x - 6*x = -o. What is the units digit of x?
4
Let k(r) = 11*r**2 - 3*r - 11*r**2 + 23*r**2 + 2. What is the units digit of k(1)?
2
Suppose 24 = 3*z - 12. Let c = z + -22. Let o = c - -19. What is the units digit of o?
9
Suppose 5*v - 10 = 7*v. Let b(j) = -j**2. Let a(x) = 2*x**2 - 5*x - 2. Let k(f) = -a(f) - 3*b(f). What is the units digit of k(v)?
2
Suppose v - 1 = 2. Suppose -v*j = -5*j + 100. Suppose -j = -3*g - 2*g - 5*c, 0 = 5*g + 2*c - 35. What is the units digit of g?
5
Let r(g) be the second derivative of g**4/24 + 4*g**3/3 - g**2/2 + 2*g. Let b(v) be the first derivative of r(v). What is the units digit of b(-7)?
1
Let w = 20 + -20. Suppose w = -4*c + 9 + 7. What is the units digit of c?
4
Let r be (40/25)/((-6)/(-375)). Suppose -5*k - q + 133 = 0, -4*k = 3*q + q - r. What is the units digit of k?
7
Suppose -a - 22 = -65. What is the tens digit of a?
4
Let m be (-24)/(-10)*(-105)/6. Let a = -25 - m. What is the tens digit of a?
1
Let b(i) = -1. Let x(s) = -s**2 - 6*s - 11. Let q(o) = 6*b(o) - x(o). Let g(m) = -m**3 + 7*m**2 - 6*m - 6. Let l be g(6). What is the units digit of q(l)?
5
Let u = 145 + -73. What is the tens digit of u?
7
Let i(l) = -l**2 - 10*l - 5. What is the tens digit of i(-6)?
1
Suppose 6*w - 2*w + 168 = t, t - 160 = -4*w. Suppose 4*h - t = -0*h. What is the units digit of h?
1
Let x(r) = -5 - 19*r**3 - 2*r**2 - r + 14 - 9. What is the units digit of x(-1)?
8
Let w(d) = -d**2 - 6*d + 1. Let s be w(-5). Suppose 4*j = 66 - s. What is the tens digit of j?
1
Suppose -117 = -3*s + 282. What is the tens digit of s?
3
Suppose t = -2*q - 2*t - 17, -3*q - 25 = 4*t. Let x = 15 + q. Let z = -2 + x. What is the units digit of z?
6
What is the units digit of 48/(-14)*(-14)/4?
2
Let x(y) = -y**3 - y**2. Let d be x(-1). Let g be (d - -1)/(6/30). Suppose -g*q = -q - 56. What is the units digit of q?
4
Suppose 5*v = 7 + 8. Suppose v*t = t + 4. What is the units digit of 76/28 + t/7?
3
Let k = 26 - 18. Let l = k - 5. What is the units digit of l?
3
Suppose 9*o + 10 = 4*o, 4*b = 2*o + 20. Suppose 0 = -g - 3, 0 + 6 = -3*f - b*g. What is the units digit of f?
2
Let w be 2 - -1 - (-3 + 7). Let o(a) = -4*a + 1. Let b be o(w). Suppose -b*i - 5*j + 45 = 0, 4*i - 12 = -0*i + 2*j. What is the units digit of i?
5
Let c = -7 - -7. Suppose 3*f - 7*f + 12 = c. What is the units digit of f?
3
Suppose x + 3*x = 20, 5*l - 4*x = 75. Suppose 0 = -5*g - l + 144. What is the units digit of g?
5
Let r = 14 + -10. Suppose -k + r*k - v = -187, 4*k = -2*v - 246. What is the units digit of (-4)/(-16) + k/(-8)?
8
Suppose 4*v + v = -25, -4*m - 3*v = -105. What is the tens digit of m?
3
Let y = 10 + -4. Let i be y/(-21) - (-80)/(-14). What is the units digit of 2/i + (-8)/(-6)?
1
Let w = 5 + 25. What is the units digit of w?
0
Let h be 1*22/3*3. Suppose -14 = -5*r - 54. Let b = r + h. What is the tens digit of b?
1
Let w = 9 + -7. What is the units digit of 6/w*(-4)/(-3)?
4
Suppose 5*h = 7*g - 5*g - 169, -h + 245 = 3*g. What is the units digit of g?
2
What is the units digit of -6*6/(-54) - 1088/(-6)?
2
Let a(n) = -n**2 - 7*n + 8. Let i be -3*4/(12/7). What is the units digit of a(i)?
8
Let i(o) = o**3 - o. Let x be i(0). Suppose 0 = 2*g - x*g - 24. What is the units digit of g?
2
Suppose -p = 4*p + 4*q - 74, -5*p + 4*q = -106. Let x = p + 5. What is the tens digit of x?
2
Suppose -4*o + 904 = 4*q - 176, 0 = -3*o + 4*q + 824. What is the tens digit of o?
7
Suppose -q = -3*r + 49, 5*q + 0*q = -20. What is the units digit of r?
5
Suppose -h + 2 + 0 = a, 10 = 2*h - 4*a. Suppose h*f - 42 = f. What is the tens digit of f?
